1*i - 402 = 115*i. Suppose 0 = 39*q + 48*q - i*q. Let r(h) be the third derivative of h**4/24 - 19*h**3/6 - h**2. Calculate r(q).
-19
Suppose 16*x = -136*x - 152. Let p(z) = 15*z**2 + 4*z + 3. Give p(x).
14
Suppose -113*t = -108*t + 5, -2*r - 2*t = -38. Let i(q) = q - 27. Determine i(r).
-7
Let g(c) be the second derivative of -c**5/20 + c**4/2 - c**3/3 + 3*c**2 + 2122*c. Give g(4).
30
Let q(g) = 5*g**2 - 20*g + 4. Let k(o) = -14*o**2 + 86*o - 9. Let u be k(6). Let h be q(u). Let c(x) = x**2 + 11*x - 2. Determine c(h).
-2
Suppose 2*z - 4*m = 94 - 78, 23 = -5*z + m. Let n(u) = -u**2 + 8*u + 9. What is n(z)?
-75
Let w(p) = -2*p**2 + 4*p - 2. Let u = -35 + 50. Suppose 18 = r + u. Determine w(r).
-8
Let g(t) = 2*t**2 + t - 3. Let z(q) = 53*q + 176. Let a be z(-18). Let b = 775 + a. Calculate g(b).
12
Suppose 2*r = f - 2 + 5, f = -3*r + 22. Let m(s) = -4 + 2 + f*s**2 - 10*s**2 - 3*s. Determine m(-2).
-8
Let w(f) = -f - 1. Let z(u) = 12*u + 41. Let s(d) = 6*w(d) + z(d). Let n be s(9). Let i(v) = -7*v**2 + 90*v - n*v + 3 + 6 + v**3. Determine i(7).
16
Let f(h) be the second derivative of -h**5/20 - h**4/6 - h**3/6 - 884*h + 7. Suppose -4*k + 9 = -k. Suppose 3*g - k*v = -3 - 0, -4*g = 4*v + 4. Determine f(g).
0
Let g(j) = -j**2 + 3*j - 4. Let z = 5 - -3. Suppose q + 3*s = -3*q + 103, 0 = -5*q + 2*s + 146. Suppose -m - q = -z*m. Give g(m).
-8
Let y(l) = -2*l**2 - 6*l - 1. Let m be y(2). Let s = 24 + m. Let j(o) = 2*o + 9*o**2 - o**3 + 3*o + 4*o + 0*o**s + 14. What is j(10)?
4
Let w(c) = 2 - c + 2*c - 2*c - c + 0*c. Suppose -y - 2*y = -33. Suppose -d + 4*s = 3*d - 28, 2*d - y = -s. Give w(d).
-10
Let d be 4/(-22) - 16/((-1056)/1134). Let n(j) = -24*j - d*j + 65*j - j**2 - 6 - 17*j. Calculate n(7).
-6
Suppose -4*h - 18 = 3*t, 26*t - 22*t - 3*h = -49. Let f(i) = -2*i**2 - 21*i - 4. Give f(t).
6
Suppose x + 10*x + 16*x = 0. Let b(s) = -71*s - 1. Calculate b(x).
-1
Let w = 7202 + -7217. Let l(a) = -17*a - 260. Determine l(w).
-5
Let l(j) = -4*j**3 + 9*j**2 + 2*j + 7. Let y(x) = -3*x**3 + 9*x**2 + 2*x + 7. Let f(p) = -4*l(p) + 5*y(p). Suppose 388 = -50*z - 62. Give f(z).
-11
Let f(o) be the third derivative of o**5/15 + o**4/6 + o**3/6 - 2904*o**2. Give f(2).
25
Let w(m) be the second derivative of m**5/20 - 13*m**4/12 - 11*m**3/6 - 41*m**2/2 + 37*m - 22. Give w(14).
1
Let c = 1208 + -1206. Suppose 0 = 5*r - r. Let o(l) = 3*l + 2 - 3 + r + 0. Give o(c).
5
Let x(f) = -16*f**3 + 23*f**2 - 31*f - 44. Let q(u) = 21*u**3 - 24*u**2 + 30*u + 46. Let v(w) = -3*q(w) - 4*x(w). Determine v(18).
2
Let y(q) = -24*q**2 + q + 2. Let d(j) = -81*j**2 + 109*j + 20. Let i(o) = -d(o) + 3*y(o). Determine i(12).
10
Suppose -6*g - 15 = -39. Let x(m) = 5 - 4*m + 4*m - g - 2*m + 5. Calculate x(-7).
20
Let f = 10435/6 - 1739. Let a(n) be the third derivative of 5/6*n**3 + 0 + 0*n - 14*n**2 - 1/60*n**5 + f*n**4. Give a(5).
0
Let t = 301 - 296. Let c(p) = -p**2 + 3*p + 2. Let v(m) = -m**2 + 3*m + 2. Let i(x) = -3*c(x) + 2*v(x). What is i(t)?
8
Let w(r) be the first derivative of r**6/360 - r**5/30 - r**4/8 - 7*r**3/3 + r + 34. Let f(z) be the third derivative of w(z). What is f(5)?
2
Let m = 7 - 4. Let r be 1/(-3) - (-16)/m. Let h(s) = -5*s**2 + 443*s - 30. Let q(u) = -28*u**2 + 2474*u - 168. Let g(o) = -67*h(o) + 12*q(o). Determine g(r).
4
Let t be 1*-2*12/(-8). Suppose -2*k - 10 = -4*o, -4*k - 4*o = -39 + 11. Let y(a) = 8*a**2 - 4 + 1 + 3007*a**k - 3006*a**t. Calculate y(-8).
-3
Let v(r) = 255149 - 255232 - 3*r - 8*r. What is v(-6)?
-17
Let h(m) = 2*m**2 - 74 - 81 - 15*m - 78 + m**2 + 263. Determine h(9).
138
Suppose -1120 = 4*a + 3*x + 816, 2*x + 489 = -a. Let f = a - -473. Let r(b) = -b**3 - 9*b**2 - 9*b + 5. Determine r(f).
13
Let r(g) = -4 - 7*g - g + 7*g - 2. Let m = 1943 - 1951. Determine r(m).
2
Suppose 0 = 2*z - 41*c + 37*c - 22, -15 = 5*z + 4*c. Let j(g) = -2*g**2 - g + 1. Determine j(z).
-2
Suppose -2*s + 5*b = 3 - 14, s + b - 2 = 0. Let j(a) = -3 - 6*a**2 - 143*a**s + 282*a**3 - 140*a**3. What is j(-6)?
-3
Let a(u) = -2*u**2 - 97*u + 42. Let l = 28801 + -28850. What is a(l)?
-7
Suppose 0 = -4*x - 4*h - 316, x + 2*h = 7*h - 97. Let l = x + 79. Let a(b) = -b + 2. Give a(l).
5
Let o(r) = 65*r**3 - 1. Let g be (-35)/25 + (-5)/(200/(-16))*1. Calculate o(g).
-66
Let n = -57 + 53. Let t(d) = 2*d**3 + 2*d**2 + 6*d - 1. Let l(h) = -3*h**3 - 3*h**2 - 7*h + 1. Let p = -7 + 4. Let r(u) = n*t(u) + p*l(u). What is r(-3)?
-8
Let x(g) be the third derivative of g**5/60 - 5*g**4/12 + 8*g**3/3 - 13*g**2. Let u be (-36)/(-54)*(-63)/(-6). Determine x(u).
-5
Let n(q) = -128 + 3*q - 24*q**2 - 18*q**2 + 2*q**3 - 130 + 277 - 4*q. Determine n(21).
-2
Let t(m) be the third derivative of m**5/60 + 5*m**4/12 + m**3/3 - 2*m**2 + 32. Let p(a) = -a**2 - 10*a - 3. Let i(g) = 5*p(g) + 4*t(g). Calculate i(-10).
-7
Suppose 2*d + 2*n - 2 + 0 = 0, 0 = -d + 5*n + 1. Let r(a) = -a**2 + 1. Let g(q) = -q**2 - 10*q + 7. Let v(p) = d*g(p) - 2*r(p). Determine v(9).
-4
Let x(y) = 27*y**2 + y. Let c(k) = 2*k**3 + 20*k**2 - 5*k - 44. Let r be c(-10). Suppose 2*b = g + 11, -g + r*b = 2*b + 21. Calculate x(g).
26
Let w(z) = 3*z**2 + 4*z - 10. Let d be 4/(-20) + 43/(430/(-48)). What is w(d)?
45
Let a(y) = -y**2 + 7*y - 7. Let u be 707/12 - (-22)/264. Suppose 3*f + 41 = u. What is a(f)?
-1
Let g(v) = -4*v - 3. Suppose -5*i + 1221 = 1206. Suppose -i*h - 48*l = -44*l - 22, 3*h - 5*l - 13 = 0. Calculate g(h).
-27
Let r(s) = -s**3 - 17*s**2 + 26*s + 39. Let k(b) = -3*b + 2. Let z(l) = -k(l) - r(l). Calculate z(-18).
49
Suppose -30*m + 774 = -11*m + 812. Let y(b) be the second derivative of 2*b**4/3 + 2*b**3/3 + b**2 - 2*b. Determine y(m).
26
Let z(u) = 90*u - 5. Let c(p) = -45*p + 3. Let w(g) = -5*c(g) - 3*z(g). Give w(-2).
90
Let m(q) be the first derivative of -3*q**2 - 35*q - 5. Let o be m(-6). Let z(y) = -5*y + 3*y**3 + 4*y - o - 4*y**3 - 2*y - 5*y**2. Give z(-5).
14
Let a(c) = -27*c**2 - 25*c - 14. Let z(x) = -5*x**2 - 5*x - 1. Let n(l) = 1. Let f(u) = 2*n(u) - z(u). Let v(w) = 2*a(w) + 11*f(w). Give v(-6).
11
Let h(l) = -l**2 - 5*l + 8. Let z be h(-6). Suppose q - x = -z + 13, 4*q = -4*x + 68. Let m(i) = -i**2 - 11 + 9 - q. Calculate m(0).
-16
Let t(d) = d**3 - 10*d - 4. Let v(h) = -h**2 - 15*h + 73. Let g be v(-19). Determine t(g).
-1
Let f(c) = c + 10. Let l be (27/9)/((-3)/(-38)). Suppose -2*v + 3*w + 19 = 3*v, -5*v = -5*w - 15. Suppose 0 = v*b - 4*u + 2*u + l, -5*b + 3*u = 42. Give f(b).
4
Let x(v) be the third derivative of 79*v**4/24 + 7*v**3/6 + 6*v**2 - 141*v. Give x(1).
86
Let z(m) = -9*m**3 - m**2 + 3*m - 2. Suppose 0*p - 52 = -2*p + 4*u, -5*u - 113 = -4*p. Let h be -1 - 8/(-5) - p/(-80). Determine z(h).
-9
Let j(x) = -7*x**3 + 9*x**2 + 9*x - 4. Let a(q) = -3*q**3 + 4*q**2 + 3*q - 2. Let c(k) = 5*a(k) - 2*j(k). Let u be c(2). Let m(n) = -n - 2. Calculate m(u).
6
Let p(t) = 2*t - 2. Let m(s) = s**2 - 10*s + 31. Let q(w) = -m(w) + p(w). Determine q(6).
3
Let n(k) = -20*k - 24. Let l(o) = -16*o - 23. Let b(c) = -7*l(c) + 6*n(c). Calculate b(8).
-47
Let t = -5/628 + 81/314. Let x(m) be the first derivative of t*m**4 - 2*m**2 + 5*m - 4/3*m**3 - 29. What is x(5)?
10
Let h(n) = -n**2 + 968*n + 3. Let s be h(0). Let o(q) be the third derivative of 0*q - 38*q**2 - 1/6*q**4 + 0*q**s + 0. Give o(-2).
8
Let z(o) = -3*o - 1. Let a(j) = -7*j - 12*j - 10 + 10*j - 2*j. Let m(x) = -a(x) + 4*z(x). Determine m(6).
0
Suppose 2*s - 8 = 2. Let u(x) = -3*x**2 + 6*x - 4. Let t(f) = 7*f**2 - 11*f + 7. Suppose 3 + 3 = 3*o. Let c(r) = o*t(r) + s*u(r). Calculate c(6).
6
Suppose -14*m - 18*m + 0*m = -128. Let w(i) be the third derivative of -1/30*i**5 + 0*i**3 - 1/24*i**m - 1/30*i**6 - 11*i**2 + 0*i + 0. Calculate w(-1).
3
Let h = -492 + 483. Let o(i) = i**3 + 10*i**2 + 11*i + 21. Determine o(h).
3
Let i(x) = -50*x - 279. Let z be i(-9). Let r = -167 + z. Let w(u) = -u**3 + 3*u**2 + 1. Calculate w(r).
-15
Suppose 51 = 4*g - 105. Suppose -13*w - g = 26. Let t(y) = y**2 + 8*y. What is t(w)?
-15
Suppose -73*g + 129*g - 896 = 0. Let y(x) = x**2 - 21*x + 80. Determine y(g).
0
Let r = -4 - -7. Suppose -4*h - y = -3*y - 18, 26 = r*h - 4*y. Let x(s) = -27*s - 22. Let n(z) = -5*z - 4. Let u(k) = 5*n(k) - x(k). Determine u(h).
6
Suppose 3*i - 2 = 2*t, -t + 9 = 1693*i - 1692*i. Let u(r) be the second derivative of 0 + 1/12*r**i + 1/2*r**2 - 14*r